{"id":18,"date":"2018-01-29T09:35:40","date_gmt":"2018-01-29T08:35:40","guid":{"rendered":"http:\/\/mariusbax.no\/phd\/?page_id=18"},"modified":"2018-01-29T09:35:40","modified_gmt":"2018-01-29T08:35:40","slug":"filmdistribusjon-i-norge-etter-digitaliseringen","status":"publish","type":"page","link":"https:\/\/mariusbax.no\/phd\/filmdistribusjon-i-norge-etter-digitaliseringen\/","title":{"rendered":"Filmdistribusjon i Norge etter digitaliseringen"},"content":{"rendered":"<h5>Prosjektskisse til formidlingskurs<\/h5>\n<p>Digitaliseringen, s\u00e6rlig av distribusjonsleddet, har kastet om kull p\u00e5 hele kultur- og mediefeltet. I filmbransjen er dette like sant som i de \u00f8vrige bransjene, men med viktige unntak. Kinobes\u00f8ket best\u00e5r og de tradisjonelle store akt\u00f8rene ser ut til \u00e5 holde posisjonene sine. Samtidig er hjemmemarkedet helt forandret, nye akt\u00f8rer har tatt over og inntektene er etter alt \u00e5 d\u00f8mme langt lavere.<\/p>\n<p>Hollywood ser ut til \u00e5 ha endret sine strategier og satser tydeligere p\u00e5 visse<br \/>\nsjangre og f\u00e6rre filmer. Der kinolansering nesten kunne regnes som en reklamekampanje for framtidig DVD-utgivelse, kan det n\u00e5 virke som tilgjengelighet og prissetting p\u00e5 det digitale hjemmemarkedet brukes for \u00e5 skape oppmerksomhet rundt kommende kinofilmer.<\/p>\n<p>For den norske filmbransjen kan det imidlertid virke som om det er vanskelig \u00e5<br \/>\nfinne nye strategier i m\u00f8te med en ny virkelighet. Selv om norsk film samlet holder p\u00e5 (gode) markedsandeler og det norske kinobes\u00f8ket holder seg h\u00f8yt, er det vanskeligere \u00e5 tjene penger for det enkelte prosjektet. Flere norske lanseres \u00e5rlig n\u00e5 enn for ti \u00e5r siden, men f\u00e6rre filmer oppn\u00e5r h\u00f8yt kinobes\u00f8k.<\/p>\n<p>Videre er det lite h\u00e5p for de filmene som ikke treffer p\u00e5 kino til \u00e5 finne et publikum senere. Hjemmemarkedet gir langt mindre avkastning en tidligere og der vi kan anta at norsk film hadde en viss markedsandel i DVD-markedet vet vi at den er langt lavere i str\u00f8mmemarkedet. Dette gjelder i s\u00e6rlig grad hos den soleklart st\u00f8rste akt\u00f8ren, Netflix.<\/p>\n<p>Prosjektet mitt skal i f\u00f8rste rekke handle om hvilke strategiske valg, og hvilke<br \/>\nstrategiske muligheter norske filmdistribut\u00f8rer tar\/har i dagens marked. Dette skal prim\u00e6rt unders\u00f8kes ved \u00e5 f\u00f8lge ett eller flere filmprosjekter tett.<\/p>\n<p>Min n\u00e5v\u00e6rende hypotese er at de har f\u00e5 strategiske muligheter da de hele tiden<br \/>\nm\u00e5 tenke p\u00e5 enkeltfilmen de selger akkurat n\u00e5. Og at bransjen dermed vil trenge hjelp for \u00e5 etablere seg tydelig i hjemmemarkedet igjen.<\/p>\n\n<div class=\"twitter-share\"><a href=\"https:\/\/twitter.com\/intent\/tweet?via=mariusbax\" class=\"twitter-share-button\">Tweet<\/a><\/div>\n","protected":false},"excerpt":{"rendered":"<p>Prosjektskisse til formidlingskurs Digitaliseringen, s\u00e6rlig av distribusjonsleddet, har kastet om kull p\u00e5 hele kultur- og mediefeltet. I filmbransjen er dette like sant som i de \u00f8vrige bransjene, men med viktige unntak. Kinobes\u00f8ket best\u00e5r og de tradisjonelle store akt\u00f8rene ser ut til \u00e5 holde posisjonene sine. Samtidig er hjemmemarkedet helt forandret, nye akt\u00f8rer har tatt over [&hellip;]<\/p>\n","protected":false},"author":1,"featured_media":0,"parent":0,"menu_order":0,"comment_status":"closed","ping_status":"closed","template":"","meta":{"jetpack_post_was_ever_published":false},"jetpack_sharing_enabled":true,"jetpack_shortlink":"https:\/\/wp.me\/P9AJuA-i","_links":{"self":[{"href":"https:\/\/mariusbax.no\/phd\/wp-json\/wp\/v2\/pages\/18"}],"collection":[{"href":"https:\/\/mariusbax.no\/phd\/wp-json\/wp\/v2\/pages"}],"about":[{"href":"https:\/\/mariusbax.no\/phd\/wp-json\/wp\/v2\/types\/page"}],"author":[{"embeddable":true,"href":"https:\/\/mariusbax.no\/phd\/wp-json\/wp\/v2\/users\/1"}],"replies":[{"embeddable":true,"href":"https:\/\/mariusbax.no\/phd\/wp-json\/wp\/v2\/comments?post=18"}],"version-history":[{"count":4,"href":"https:\/\/mariusbax.no\/phd\/wp-json\/wp\/v2\/pages\/18\/revisions"}],"predecessor-version":[{"id":22,"href":"https:\/\/mariusbax.no\/phd\/wp-json\/wp\/v2\/pages\/18\/revisions\/22"}],"wp:attachment":[{"href":"https:\/\/mariusbax.no\/phd\/wp-json\/wp\/v2\/media?parent=18"}],"curies":[{"name":"wp","href":"https:\/\/api.w.org\/{rel}","templated":true}]}}